rime factors of 13840091.
17, 139, 5857
List the prime factors of 364204.
2, 83, 1097
What are the prime factors of 3118444?
2, 7, 111373
What are the prime factors of 9967386?
2, 3, 11, 13, 11617
List the prime factors of 49515.
3, 5, 3301
What are the prime factors of 165170?
2, 5, 83, 199
What are the prime factors of 2799573?
3, 7, 29, 4597
What are the prime factors of 6693718?
2, 3346859
What are the prime factors of 4000516?
2, 13, 107, 719
What are the prime factors of 411083?
411083
What are the prime factors of 747052?
2, 186763
List the prime factors of 515610.
2, 3, 5, 17, 337
List the prime factors of 876351.
3, 7, 29, 1439
List the prime factors of 5773255.
5, 1154651
List the prime factors of 13230092.
2, 3307523
What are the prime factors of 232189?
232189
List the prime factors of 243324.
2, 3, 751
List the prime factors of 18215970.
2, 3, 5, 607199
List the prime factors of 4580778.
2, 3, 71, 10753
What are the prime factors of 11156036?
2, 67, 41627
List the prime factors of 1993379.
41, 48619
List the prime factors of 138443.
167, 829
What are the prime factors of 26211728?
2, 97, 16889
What are the prime factors of 344011?
23, 14957
What are the prime factors of 285845?
5, 7, 8167
List the prime factors of 1919720.
2, 5, 11, 4363
List the prime factors of 9210822.
2, 3, 1535137
What are the prime factors of 895129?
283, 3163
What are the prime factors of 20693?
20693
What are the prime factors of 1697917?
13, 211, 619
List the prime factors of 7936320.
2, 3, 5, 7, 1181
What are the prime factors of 46601?
46601
What are the prime factors of 38296?
2, 4787
What are the prime factors of 136592?
2, 8537
List the prime factors of 19655941.
19655941
List the prime factors of 125361.
3, 4643
List the prime factors of 7005475.
5, 280219
List the prime factors of 455393.
455393
List the prime factors of 376027.
23, 16349
List the prime factors of 8871747.
3, 293, 10093
What are the prime factors of 1775970?
2, 3, 5, 7, 2819
What are the prime factors of 10231905?
3, 5, 67, 10181
What are the prime factors of 651376?
2, 11, 3701
List the prime factors of 746556.
2, 3, 62213
What are the prime factors of 418252?
2, 31, 3373
List the prime factors of 548264.
2, 19, 3607
What are the prime factors of 856743?
3, 347, 823
What are the prime factors of 2877068?
2, 719267
What are the prime factors of 792277?
792277
What are the prime factors of 9384605?
5, 89, 21089
List the prime factors of 2042701.
113, 18077
What are the prime factors of 6725196?
2, 3, 89, 2099
What are the prime factors of 594058?
2, 317, 937
List the prime factors of 284331.
3, 94777
List the prime factors of 12583548.
2, 3, 19, 18397
List the prime factors of 813986.
2, 406993
List the prime factors of 14769092.
2, 13, 47, 6043
List the prime factors of 11431038.
2, 3, 17, 112069
List the prime factors of 172884.
2, 3, 14407
What are the prime factors of 356049?
3, 13187
What are the prime factors of 1019199?
3, 23, 14771
List the prime factors of 19354735.
5, 3870947
What are the prime factors of 92440?
2, 5, 2311
List the prime factors of 116216.
2, 73, 199
What are the prime factors of 123551?
123551
List the prime factors of 473019.
3, 29, 5437
List the prime factors of 1962281.
59, 79, 421
List the prime factors of 238844.
2, 29, 71
What are the prime factors of 3470370?
2, 3, 5, 115679
What are the prime factors of 5263803?
3, 23, 59, 431
What are the prime factors of 590687?
41, 14407
What are the prime factors of 210118?
2, 31, 3389
List the prime factors of 1165224.
2, 3, 47, 1033
List the prime factors of 1175295.
3, 5, 11, 17, 419
List the prime factors of 190054.
2, 95027
List the prime factors of 460653.
3, 97, 1583
What are the prime factors of 244718?
2, 37, 3307
What are the prime factors of 2331206?
2, 239, 4877
List the prime factors of 6304803.
3, 29, 72469
List the prime factors of 122022.
2, 3, 6779
What are the prime factors of 451493?
7, 64499
List the prime factors of 1742632.
2, 217829
List the prime factors of 83984.
2, 29, 181
What are the prime factors of 1778588?
2, 7, 63521
List the prime factors of 1451360.
2, 5, 47, 193
What are the prime factors of 886924?
2, 17, 13043
What are the prime factors of 401357?
11, 31, 107
List the prime factors of 5847879.
3, 29, 67217
What are the prime factors of 39749?
39749
What are the prime factors of 323003?
323003
What are the prime factors of 500922?
2, 3, 17, 1637
List the prime factors of 1882096.
2, 79, 1489
List the prime factors of 1456527.
3, 485509
What are the prime factors of 2707636?
2, 676909
What are the prime factors of 1811435?
5, 17, 101, 211
List the prime factors of 399706.
2, 199853
List the prime factors of 1304662.
2, 652331
List the prime factors of 17049.
3, 5683
List the prime factors of 167550.
2, 3, 5, 1117
List the prime factors of 54112.
2, 19, 89
List the prime factors of 1703603.
11, 154873
What are the prime factors of 6737845?
5, 1347569
What are the prime factors of 23418?
2, 3, 1301
What are the prime factors of 8080725?
3, 5, 163, 661
What are the prime factors of 107875?
5, 863
What are the prime factors of 88219?
47, 1877
List the prime factors of 26924950.
2, 5, 13, 23, 1801
List the prime factors of 76137.
3, 41, 619
What are the prime factors of 11073270?
2, 3, 5, 13, 28393
List the prime factors of 10407662.
2, 5203831
List the prime factors of 376213.
211, 1783
List the prime factors of 2364983.
103, 22961
What are the prime factors of 182156?
2, 13, 31, 113
What are the prime factors of 200175?
3, 5, 17, 157
List the prime factors of 150017.
7, 29, 739
What are the prime factors of 3574019?
151, 23669
What are the prime factors of 2266763?
17, 47, 2837
What are the prime factors of 33035?
5, 6607
List the prime factors of 2373418.
2, 29, 151, 271
List the prime factors of 27401283.
3, 7, 13, 33457
What are the prime factors of 1790621?
7, 255803
List the prime factors of 22672930.
2, 5, 7, 323899
List the prime factors of 1326542.
2, 7, 19, 4987
What are the prime factors of 7199842?
2, 13, 276917
What are the prime factors of 8796265?
5, 491, 3583
What are the prime factors of 702600?
2, 3, 5, 1171
What are the prime factors of 103197?
3, 41, 839
List the prime factors of 1847444.
2, 461861
List the prime factors of 16392124.
2, 7, 227, 2579
List the prime factors of 334801.
53, 6317
What are the prime factors of 904089?
3, 301363
What are the prime factors of 12764483?
151, 84533
List the prime factors of 26610.
2, 3, 5, 887
List the prime factors of 15887159.
31, 677, 757
What are the prime factors of 3728213?
101, 36913
What are the prime factors of 693009?
3, 25667
List the prime factors of 13098408.
2, 3, 23, 61, 389
List the prime factors of 123427.
123427
List the prime factors of 125807.
11, 11437
List the prime factors of 821858.
2, 410929
What are the prime factors of 7213785?
3, 5, 480919
What are the prime factors of 20711223?
3, 13, 177019
What are the prime factors of 304938?
2, 3, 5647
What are the prime factors of 383824?
2, 7, 23, 149
What are the prime factors of 273669?
3, 11, 8293
What are the prime factors of 250640?
2, 5, 13, 241
List the prime factors of 47475.
3, 5, 211
What are the prime factors of 1058141?
7, 151163
List the prime factors of 10346112.
2, 3, 7, 1283
What are the prime factors of 262531?
17, 15443
List the prime factors of 14506.
2, 7253
List the prime factors of 9499318.
2, 4749659
What are the prime factors of 3826873?
37, 293, 353
What are the prime factors of 826084?
2, 7, 163, 181
List the prime factors of 2027517.
3, 675839
List the prime factors of 3180431.
3180431
What are the prime factors of 373578?
2, 3, 19, 29, 113
What are the prime factors of 20701272?
2, 3, 862553
What are the prime factors of 995256?
2, 3, 23, 601
What are the prime factors of 162393?
3, 7, 11, 19, 37
What are the prime factors of 2671057?
17, 47, 3343
List the prime factors of 121949.
121949
List the prime factors of 6692444.
2, 11, 89, 1709
List the prime factors of 243712.
2, 7, 17
What are the prime factors of 15484?
2, 7, 79
List the prime factors of 274422.
2, 3, 45737
List the prime factors of 427546.
2, 7, 30539
What are the prime factors of 6667399?
6667399
List the prime factors of 18711849.
3, 13, 17, 167
What are